+ 3*s. Let v be (0 - -1)*14/7. Calculate the remainder when k(v) is divided by 10.
8
Let u = -31 + 71. Let l = u + -27. What is the remainder when 24 is divided by l?
11
Suppose 28 = f + 3*f. Suppose -3*d - 5*p - 3 = 38, -40 = 4*d + 3*p. Let v = 20 + d. Calculate the remainder when v is divided by f.
6
Suppose 0 = 3*t - 19 - 269. Calculate the remainder when t is divided by 33.
30
Suppose 2 = -m + 4. Suppose m*d = -3*d + 40. What is the remainder when 22 is divided by d?
6
Suppose v + v = -j + 13, 0 = 5*v + 4*j - 34. Suppose -4*t + 0*c = -4*c, 8 = -4*c. Calculate the remainder when v is divided by -3 + 14*(-1)/t.
2
Let y be -1*(1 - 0) + 5. Suppose 0*h + c = -y*h + 36, 4*h + 4*c = 36. Suppose -15 = -3*m, -3*t + 0*t = -3*m + h. What is the remainder when 2 is divided by t?
0
Suppose -i + 2*i - 2*c - 49 = 0, c + 95 = 2*i. What is the remainder when 185 is divided by i?
44
Suppose 3*k - 12 = 3. Let u be (1*4)/(2/6). Suppose -5*j - k*s = -0*s, 0 = j + 5*s + u. What is the remainder when 7 is divided by j?
1
Suppose -4*b = -3*b - 3. Let p(v) = v**3 - 5*v**2 + 2. Calculate the remainder when b is divided by p(5).
1
Suppose 0*p = q - 2*p - 115, 0 = 3*q - 5*p - 342. Calculate the remainder when q is divided by 22.
21
Suppose 0 = 2*t + t - 39. Calculate the remainder when -2 - ((-26)/6)/(1/9) is divided by t.
11
Let h = 16 - 8. What is the remainder when 30 is divided by h?
6
Suppose -x + 7*q = 2*q + 11, -4*x + 2*q + 10 = 0. Suppose x*g - 88 = 3*z - z, 0 = 3*g - z - 66. Calculate the remainder when 64 is divided by g.
20
Suppose -c + 5*a = -5*c - 120, c = -3*a - 23. Let m = -13 - c. What is the remainder when m is divided by 8?
6
Let c = 4 + -2. What is the remainder when 61 is divided by (c - 1 - -18) + -3?
13
Suppose 0 = 3*r + 3 + 12. Let t = 7 + r. Suppose t*x - 52 = -2*x. Calculate the remainder when 50 is divided by x.
11
Let p(a) = -a**3 - 3*a**2 + 1. Let y be p(-3). Suppose -3*b + 40 + 11 = 0. Calculate the remainder when b is divided by -1 + 7 - (-1 + y).
5
Let q = -26 + 30. Suppose -3*m + 38 = 8. Calculate the remainder when m is divided by q.
2
Let c be 12/(-10)*(-10)/4. Suppose 65 = 3*w + 5*d, -c*w = -d - 86 + 9. What is the remainder when 73 is divided by w?
23
Suppose 3*i + 7 + 2 = 0. Let v(z) = -8*z + 4. Calculate the remainder when v(i) is divided by 15.
13
Let b(r) = 0*r**3 - 4 - 1 + r**2 + 4 - 5*r**3. Suppose -8*h + 52 = -4*h. Calculate the remainder when h is divided by b(-1).
3
Let v(d) = d**2 + 4*d + 3. Let b be v(4). Suppose -x + 0*x = 2*q + 10, 12 = -4*q. Let h = x + b. What is the remainder when h is divided by 16?
15
Suppose l - 20 = 3*v, 1 + 9 = -5*v. Calculate the remainder when (2/(-1))/(2/(-10)) is divided by 52/l - 4/(-14).
2
Let l = -17 - -11. What is the remainder when 2 is divided by ((-4)/10)/(l/15)?
0
Let u(m) = m**2 - 8*m. Calculate the remainder when u(12) is divided by 17.
14
Let z = 5 + -3. Suppose 0*j + 4 = z*j. What is the remainder when 3 is divided by j?
1
Let y(t) = -t**2 + t + 27. Let c be y(0). Let o = c - 13. What is the remainder when 41 is divided by o?
13
Let n be (-1 + 0)*3/1. Suppose 0 = f + 4*i + 10, -5*i + 3 - 23 = 0. Let r = f - n. Calculate the remainder when 17 is divided by r.
8
Let u(k) = 3*k - 11. Calculate the remainder when 10 is divided by u(5).
2
Let w = 22 + -13. Let v(c) = c**2 - 17*c - 13. What is the remainder when w is divided by v(18)?
4
Let q be 8/28 + 66/14. Suppose q*w + 59 + 10 = 2*z, -4*z - w = -193. What is the remainder when z is divided by 16?
15
Let z(h) = h + 12. Let t be (3 + 1 - 2) + 1. Suppose t*k - 42 = -m, -k - 4*m = -22 + 8. What is the remainder when k is divided by z(-7)?
4
Suppose 2*l + 9 = 5*l. Suppose -l*w + 5*m = 2*w - 195, -2*w + 98 = 3*m. What is the remainder when w is divided by 22?
21
Suppose -s + 3*s - 92 = 0. Suppose -8 = 6*p - 2*p. What is the remainder when s is divided by (p - (2 + -5)) + 15?
14
Let w(q) = q - 1. Let r(b) = b. Let h(j) = 2*r(j) + w(j). Let k be h(2). What is the remainder when (3/(-2))/(k/(-10)) is divided by 2?
1
Suppose 31 + 2 = 3*i. Calculate the remainder when 30 is divided by i.
8
Let v = 152 - 86. What is the remainder when 259 is divided by v?
61
Suppose 0 = 4*a - x - 779, -5*x = 2*a - 2*x - 379. Suppose -v - 246 = -5*w + v, -3*v = -4*w + a. Calculate the remainder when w is divided by 17.
16
Let m = 3 + 1. Suppose -2*v + m = 5*b, 0 = -2*v - v + 3*b + 48. Calculate the remainder when (3/(-9))/(1/(-102)) is divided by v.
10
Let b = 24 + -9. Suppose 0 = -5*m + b + 10. Calculate the remainder when 8 is divided by m.
3
Let l(k) = -k**2 - 5*k - 1. Let t be l(-2). Suppose -n - 3 - 17 = -5*r, t*n + 100 = -2*r. What is the remainder when 19 is divided by n/(-3) + (-3)/(-9)?
5
Let c be -2 - (-3)/(-4)*4. Let r = c + 16. Calculate the remainder when 32 is divided by r.
10
Suppose 5*b + 3*r + 96 = -84, -180 = 5*b - 4*r. Let h = b - -51. Calculate the remainder when h is divided by 5.
0
Let s = 46 - 21. Suppose 0*i - 4*i = -296. Calculate the remainder when i is divided by s.
24
Let g(f) = f**3 + 5*f**2 - 5*f + 17. Calculate the remainder when 130 is divided by g(-6).
9
Suppose 0*g + 11 = g. Let d(v) = v**2 + 12*v. Let s be d(-11). Let h = -7 - s. What is the remainder when g is divided by h?
3
Let q(a) be the second derivative of -a**5/20 - a**4/3 + a**3/2 - 3*a**2/2 - 3*a. What is the remainder when q(-5) is divided by 3?
1
Let f = 21 - 10. Suppose -3 = -h + 1. What is the remainder when f is divided by h?
3
Let d = -10 - -6. Let x be (22 - 0)*2/d. Let t = x - -36. What is the remainder when t is divided by 13?
12
Suppose -3*j + 5*t + 296 = 7*t, 3*t - 194 = -2*j. Calculate the remainder when j is divided by 34.
32
Let s(r) = 2*r - 8. Let i(h) = -h + 7. Let g(z) = 4*i(z) + 3*s(z). What is the remainder when 38 is divided by g(8)?
18
Suppose 4*m - 42 = 4*r - 3*r, -5*m = 2*r - 46. Calculate the remainder when m is divided by 4.
2
Let h be (-554)/(-3) - 3/(-9). Suppose -5*a + 55 = -h. Calculate the remainder when a is divided by 17.
14
Let z = -7 + 13. Let x = z - -1. Let u = x - 3. What is the remainder when 7 is divided by u?
3
Suppose 523 - 79 = 4*w. Suppose -4*a + 84 = -0*a + 2*v, 0 = -5*a - v + w. Calculate the remainder when 45 is divided by a.
22
Let x = 24 + -17. Suppose 82 = 4*i + 6. Suppose -w + 3*w - 10 = 2*g, i = 4*w - 3*g. Calculate the remainder when x is divided by w.
3
Let f = -40 - -102. Suppose -8 = 2*x, -3*i + 2*x = -0*x - f. What is the remainder when i is divided by 10?
8
Let a be (-2)/((-6)/(-339) + 0). Let v be -30*((-15)/2)/(-3). Let q = v - a. Calculate the remainder when q is divided by 13.
12
Suppose 6 = -2*d - d, 56 = 2*w + 3*d. Calculate the remainder when w is divided by 16.
15
Let o(m) = -m**2 - 17. Let i be o(0). Let k = -25 - i. What is the remainder when k/10*35/(-2) is divided by 5?
4
Suppose -2*s + 4 = 2*w, w - 3*w + 4*s + 10 = 0. Calculate the remainder when 10 is divided by w.
1
Suppose -4*v + p + 24 = 0, v + 0 + 3 = -2*p. What is the remainder when 34 is divided by v?
4
Suppose -2*a + 2*f = -156, -f = -4*a + 4*f + 309. What is the remainder when a is divided by 30?
21
What is the remainder when 14 + -10 + (44 - -2) is divided by 13?
11
Suppose -y = -5*y + 56. Suppose 0 = 2*u - 3*r - 87, u = -0*u + 4*r + 51. What is the remainder when u is divided by y?
11
Let y be (0 - (-4)/(-3))*-3. Suppose y*l - 3*l = 39. Suppose a + a + 5*w = 93, a + w - l = 0. Calculate the remainder when a is divided by 12.
10
Suppose -7*r + 246 = 92. Calculate the remainder when 85 is divided by r.
19
Suppose 1 - 11 = c. Suppose -4*p - 2*k = -74, 3*p + 3*k - 73 = -p. What is the remainder when -3 + 0 - c*4 is divided by p?
18
Let c = 56 + -39. What is the remainder when 65 is divided by c?
14
Suppose -3*m + d + 5 = 0, -4*m - 4 = -3*d - d. Suppose 0 = 3*j + 2*y - 20 - 25, -m*y + 74 = 5*j. What is the remainder when 25 is divided by j?
12
Suppose f + 3 = x + 1, -x + 2*f + 6 = 0. Calculate the remainder when 27 is divided by (-7)/(0 - (-1)/x).
13
Let u(l) = -2*l**3 - l + 10. Calculate the remainder when (-6)/4*76/(-3) is divided by u(0).
8
Let q = 0 - -4. Suppose 0 = 2*i + 3*o + q, -5 = i + 4*o + 7. Calculate the remainder when i is divided by 3.
1
Let n(f) = -5*f**3 + 4*f**2 + f - 4. Let h be n(3). Calculate the remainder when h/(-